{"id":66,"date":"2022-12-09T10:31:48","date_gmt":"2022-12-09T09:31:48","guid":{"rendered":"https:\/\/ivotech.gmbh\/?page_id=66"},"modified":"2022-12-09T10:31:48","modified_gmt":"2022-12-09T09:31:48","slug":"zugwaschanlagen","status":"publish","type":"page","link":"https:\/\/ivotech.gmbh\/?page_id=66","title":{"rendered":"Zugwaschanlagen"},"content":{"rendered":"\n<p>F\u00fcr spezielle Anforderungen bei der Deutschen Bahn bieten wir Anlagen f\u00fcr die Aussenw\u00e4sche von Personenz\u00fcge an. Ob es zum Beispiel ein ICE, ein DOSTO oder ein Zugverband mit unterschiedlichster Zusammenstellung ist, wir waschen alles. Das vollautomatische Erkennungssystem erstellt vom einfahrenden Zugverband ein 3D-Modell. Anhand dieser Daten werden die Waschb\u00fcrsten pr\u00e4zise an die Konturen angepasst. Frontw\u00e4sche, Seitenw\u00e4sche, Grundreinigung, Unterhaltsreinigung, Schnellw\u00e4sche und vieles mehr. Kundenw\u00fcnsche setzen wir in Perfektion um. So kann mit einer erheblichen Effizienz und Wassereinsparung ein optimales Reinigungsergebnis erzielt werden.<\/p>\n","protected":false},"excerpt":{"rendered":"<p>F\u00fcr spezielle Anforderungen bei der Deutschen Bahn bieten wir Anlagen f\u00fcr die Aussenw\u00e4sche von Personenz\u00fcge an. Ob es zum Beispiel ein ICE, ein DOSTO oder ein Zugverband mit unterschiedlichster Zusammenstellung ist, wir waschen alles. Das vollautomatische Erkennungssystem erstellt vom einfahrenden Zugverband ein 3D-Modell. Anhand dieser Daten werden die Waschb\u00fcrsten pr\u00e4zise an die Konturen angepasst. Frontw\u00e4sche, [&hellip;]<\/p>\n","protected":false},"author":1,"featured_media":0,"parent":0,"menu_order":0,"comment_status":"closed","ping_status":"closed","template":"","meta":{"saved_in_kubio":false},"kubio_ai_page_context":{"short_desc":"","purpose":"general"},"_links":{"self":[{"href":"https:\/\/ivotech.gmbh\/index.php?rest_route=\/wp\/v2\/pages\/66"}],"collection":[{"href":"https:\/\/ivotech.gmbh\/index.php?rest_route=\/wp\/v2\/pages"}],"about":[{"href":"https:\/\/ivotech.gmbh\/index.php?rest_route=\/wp\/v2\/types\/page"}],"author":[{"embeddable":true,"href":"https:\/\/ivotech.gmbh\/index.php?rest_route=\/wp\/v2\/users\/1"}],"replies":[{"embeddable":true,"href":"https:\/\/ivotech.gmbh\/index.php?rest_route=%2Fwp%2Fv2%2Fcomments&post=66"}],"version-history":[{"count":1,"href":"https:\/\/ivotech.gmbh\/index.php?rest_route=\/wp\/v2\/pages\/66\/revisions"}],"predecessor-version":[{"id":67,"href":"https:\/\/ivotech.gmbh\/index.php?rest_route=\/wp\/v2\/pages\/66\/revisions\/67"}],"wp:attachment":[{"href":"https:\/\/ivotech.gmbh\/index.php?rest_route=%2Fwp%2Fv2%2Fmedia&parent=66"}],"curies":[{"name":"wp","href":"https:\/\/api.w.org\/{rel}","templated":true}]}}